(-8)) + -4. Let n = -26 - w. Calculate the remainder when 14 is divided by n.
2
Suppose -13 = -3*d - 2*n, 5*d = n + 36 - 10. Let a(o) = o**3 + 10*o**2 - o - 1. What is the remainder when a(-10) is divided by d?
4
Suppose -4*f - 3*b + 111 - 6 = 0, 2*f + 4*b - 50 = 0. Let u = 608 - 530. What is the remainder when u is divided by f?
24
Calculate the remainder when 2015 is divided by 1452/20 - 1 - (-4)/10.
71
Suppose 10*h = 15*h + 70. Let m = -1 - h. What is the remainder when 34 is divided by m?
8
What is the remainder when (140/56)/(2*(-1)/(-116)) is divided by 72?
1
Suppose -4*z - 12 = 0, 5*z = p + p - 75. Let f = -4 + p. What is the remainder when f is divided by 9?
8
Suppose -4*f + 6*c = 9*c - 313, -2*c = -6. Calculate the remainder when f is divided by -18*(1 + 15/(-6)).
22
What is the remainder when (-7458)/(-20) + -12*(-4)/480 is divided by 123?
4
Let x be 37/3 - (-22)/33. Let i = 21 - x. Let l = i + -1. Calculate the remainder when 11 is divided by l.
4
Let v(n) = -13*n - 68. Calculate the remainder when 240 is divided by v(-9).
44
Suppose -11 = -x + 5*a, 3*a + 55 = 2*x + 3*x. Let k = 2 + x. What is the remainder when 24 is divided by k?
11
Let u(s) = -s**2 - 5*s + 9. Let k be u(-8). Let f be (-592)/(-6) + 10/k. Suppose 0 = -3*c - 23 + f. What is the remainder when c is divided by 13?
12
Suppose 0 = 37*y - 30*y - 210. What is the remainder when 76 is divided by y?
16
Let w(o) = -o**2 - 17*o - 11. What is the remainder when 119 is divided by w(-16)?
4
Let z be (-69)/9 + 1/(-3). Let k(v) = 2*v**2 + 5*v - 15. What is the remainder when k(z) is divided by 20?
13
Suppose 71*v - 9546 = -40*v. Suppose 0 = -5*h - 4*a + 137, 5*a = h - 0*a - 39. Calculate the remainder when v is divided by h.
28
Suppose 2*b - 11*p = -16*p + 21, -p - 40 = -3*b. What is the remainder when 103 is divided by b?
12
Suppose 0 = -t - n, 8*n = 4*t + 3*n + 45. Let z(b) = -5*b - 10. Let j(v) = 2*v**2 + 7*v + 4. What is the remainder when z(t) is divided by j(-4)?
7
Let o(s) = -53*s - 20. Calculate the remainder when o(-2) is divided by 22.
20
Let u(d) = 6 + 10 - 15*d**2 - 16*d - 6 - d**3. Let n be u(-14). Let a = -28 + n. Calculate the remainder when 38 is divided by a.
8
Suppose 4*a - 24 = 4*p, -4*p = -5*p - 1. What is the remainder when 198 is divided by a?
3
Let w(m) = -m + 38. What is the remainder when 412 is divided by w(15)?
21
Let k = 2837 + -2217. What is the remainder when k is divided by 16?
12
Let s = 2080 + -1695. What is the remainder when s is divided by 47?
9
Suppose -1 = -88*m + 87*m. Let p(v) = -v**3 + 2*v. Let n be p(-2). Suppose 0 = w - 2*c + 1, -3*w - 2*c + n = -1. What is the remainder when m is divided by w?
0
Suppose 0 = 4*l - 7*l. Suppose -3*h + 95 + 49 = l. Calculate the remainder when h is divided by 13.
9
Suppose 2*a - 11 = -211. Let h = a - -190. Suppose 0 = -3*g - 15, 0 = 3*b - 4*b - g + 18. Calculate the remainder when h is divided by b.
21
Suppose 141*h - 16572 = 21*h + 5028. Suppose -2*n + 54 = 2*q - q, 4*q - 8 = 0. Calculate the remainder when h is divided by n.
24
Let d(t) = 4*t + 7. Suppose 20 - 70 = -5*p. Suppose -p*c + 22 = -8*c. What is the remainder when d(6) is divided by c?
9
Suppose 5*l - 2*r + 18 = 229, 5*l + 4*r - 223 = 0. What is the remainder when 134 is divided by l?
5
Let f(p) = 4*p - 4. Let w be f(6). Let s = w - 15. Suppose y - 7 = -2*z, -z + s*z + 3*y - 11 = 0. Calculate the remainder when z is divided by 3.
2
Let h = 21 - 7. Suppose -24 + 6 = -3*a - 2*j, -2*j - 6 = -3*a. Suppose 5*n + 41 = z, 0 = a*z + 4*n - 222 + 58. What is the remainder when z is divided by h?
13
What is the remainder when 196 is divided by 20 + (6/4)/(27/90)?
21
Suppose -760 = -4*j + y, -3*y = -8*j + 4*j + 768. Let m = 338 - j. Calculate the remainder when m is divided by 38.
35
Let x(b) = -40 - 49*b + 20*b + 20*b. Calculate the remainder when 81 is divided by x(-9).
40
Suppose -1092 = -210*k + 196*k. Calculate the remainder when 154 is divided by k.
76
Let v(l) = 22*l + 126. What is the remainder when 28 is divided by v(-5)?
12
Calculate the remainder when (-1)/(72/(-16)) - (-2678)/18 is divided by 19.
16
Let t(f) = f**2 - 2*f + 1. What is the remainder when ((-210)/49)/((-6)/21) is divided by t(4)?
6
Suppose i - 3880 = 6*i. What is the remainder when i/(-8) - (-4 + 0) is divided by 34?
33
Suppose -3*j + k + 2689 = j, -2*j - 3*k + 1341 = 0. What is the remainder when j is divided by 75?
72
Let b(g) = -5*g + 6. Let h(f) = -5*f + 6. Let q(s) = -2*b(s) + 3*h(s). Suppose a - 5 = 6*a, 4*a - 18 = -2*u. What is the remainder when q(-7) is divided by u?
8
Let a = -15 + 29. Suppose 3*v + 106 = 2*z - 15, 2*z - 133 = -v. What is the remainder when z is divided by a?
9
Suppose -2*w + 61 = 13. Let p = w - 14. What is the remainder when 37 is divided by p?
7
Let b = -2 - 38. Let p = -29 - b. Calculate the remainder when 963/51 + 2/17 is divided by p.
8
Let k = -3 + 5. Let a(s) = -1. Let i(b) = 9*b - 2. Let x(o) = -4*a(o) + i(o). Calculate the remainder when 78 is divided by x(k).
18
Suppose 0 = 6*z - 3*z - 12. Suppose z*q = -q. Let d = q - -18. What is the remainder when 71 is divided by d?
17
Suppose 5*k - 5*n = -3*n + 63, k + 5*n = 18. What is the remainder when 106 is divided by k?
2
Let v(p) = p**2 - 4*p + 14. Let g be v(-7). Suppose -2*y - 52 = -3*t, -g + 16 = -4*t - 3*y. What is the remainder when 33 is divided by t?
15
Let n(b) = 6*b**2 + 6*b - 1. Let k(z) = -z**2 - 9*z - 19. Let l be k(-7). What is the remainder when n(l) is divided by 30?
29
Let l = 1050 + -32. What is the remainder when l is divided by 20?
18
Let r(p) = p**3 - 22*p**2 + 25*p + 35. Calculate the remainder when r(21) is divided by 30.
29
Let t(v) = v**2 - v - 7. What is the remainder when 68 is divided by t(-5)?
22
Let w(l) = -2*l**3 - l**2 + 4*l + 8. Calculate the remainder when 275 is divided by w(0).
3
Suppose -5*k + 196 = -k. Suppose -9 = 3*o, -9*r = -6*r - 3*o - 84. Calculate the remainder when k is divided by r.
24
Suppose 31*u + 42*u = 1898. Calculate the remainder when u is divided by -5*(2 - 0 - 3).
1
Let w = 2110 - 2080. What is the remainder when 197 is divided by w?
17
Let q(o) = -o**2 + 12*o + 8. Let m = 22 + -20. What is the remainder when q(6) is divided by 22 - m/(4/(-2))?
21
Suppose -3 = -n - 3*g + 1, -4*g = 8. Calculate the remainder when 105 is divided by n.
5
Suppose 3*f = 286 - 151. What is the remainder when f is divided by 30?
15
Suppose 4*g = 14 + 2. Suppose 0*a - 2*a + 52 = 0. Suppose -5*u = 3*q - a, -u + 4*u = 5*q + 2. What is the remainder when g is divided by q?
0
Suppose 0 = -3045*g + 3048*g - 1020. What is the remainder when g is divided by 19?
17
Suppose 93*u = 91*u + 18. Let b(x) = x + 10. Calculate the remainder when b(u) is divided by 7.
5
Let g(q) = q**2 - 23*q - 455. Calculate the remainder when 545 is divided by g(-13).
12
Let b = -73 - -213. Suppose -3*g = -13*g + b. Calculate the remainder when 25 is divided by g.
11
Let d = -47 - -62. Calculate the remainder when 3 + 2/(-1) + 57 is divided by d.
13
Suppose 72*a - 8 = 70*a. Calculate the remainder when 14 is divided by a.
2
Suppose 1 = 3*o + 10. Let i(g) = -7*g**3 - 5*g**2 - 2*g + 3. Let k be i(o). Suppose -4*m = 33 - k. Calculate the remainder when 118 is divided by m.
28
Suppose -3*z = -4*t - 2*z - 82, -4*t + 4*z - 88 = 0. Let q = 1 - t. What is the remainder when (-5 - 0)*-8 - 1 is divided by q?
18
Suppose -3*v = -a + 6*a - 130, 5*a = 5*v - 150. Suppose 2*w + v = 7*w. Suppose -9 = -4*t + w. Calculate the remainder when 6 is divided by t.
2
Let b be 6/4*(2 - 0). Let n(p) = -p**3 + 4*p**2 - 2. Calculate the remainder when (-52)/3*15/(-20) is divided by n(b).
6
What is the remainder when 47 is divided by (-108)/(-8) - 2*(-4)/16?
5
Suppose 132 - 57 = -3*t. Let r = t - -186. What is the remainder when r is divided by 41?
38
Let c = 81 + -87. Let f(x) = -x**2 - 9*x + 5. Let g be f(-5). Let b = c + g. What is the remainder when 36 is divided by b?
17
Suppose -150 = -9*p + 4*p. Suppose 3*w = -4*a + 175, 4*a = -2*w + 132 + 38. Calculate the remainder when p is divided by 330/a - (-1)/(-4).
6
Let x(d) = 15*d**2 - 23*d + 81. Calculate the remainder when x(4) is divided by 8.
5
Let c = -116 + 140. Calculate the remainder when 910 is divided by c.
22
Suppose -8*s = -7*s + 3*s, -5*w - 2*s + 225 = 0. Let c(y)